ime?
False
Let g = 1693 - 756. Is g a prime number?
True
Let i(a) = -a**2 - 7*a + 10. Let o(p) = -p**2 + 11*p - 8. Let d be o(11). Let n be i(d). Suppose -2*b - n - 4 = 0, 3*g = 2*b + 609. Is g composite?
True
Let q(p) be the first derivative of 52*p**3/3 + p**2/2 + 3*p - 14. Is q(-2) prime?
False
Let c(x) = -812*x - 421. Is c(-7) prime?
False
Let s(o) = 12*o - 52. Let l be s(5). Suppose 0 = -2*h + l*h - 16674. Is h prime?
False
Let g be (-4)/26 + (-206)/13. Let j be g/(-24)*39/2. Is 47880/78 - (-2)/j a composite number?
True
Suppose 0 = -z + 4, -3*m = -5*z - 6 + 26. Suppose -1094 = -4*x - 2*g + 3222, 5*x - 4*g - 5369 = m. Is x prime?
False
Suppose 4*o + o - 40 = 0. Is -2*4/o - -372 composite?
True
Suppose 32 = 5*f + 42. Is 219/1 - (f + 0) composite?
True
Let p be (4 + -2)*1/(-2). Let r(w) = -w + 1. Let l(f) = 214*f**2 - 3*f. Let m(y) = l(y) - r(y). Is m(p) composite?
True
Let o(b) = 52*b**2 - 3*b - 7. Is o(18) composite?
False
Suppose 2*u - 14154 = -c, 0*c = 4*c - 16. Suppose -z + 1945 = -5*t, -5*z + t = -2530 - u. Is z/33 + (-4)/22 prime?
False
Let q(y) = -202*y - 333*y - 122 + 113. Is q(-8) prime?
True
Let x(q) = 88*q**3 - 3*q**2 + 3*q - 7. Let b(r) = -265*r**3 + 9*r**2 - 9*r + 21. Let v(n) = -4*b(n) - 11*x(n). Is v(3) composite?
False
Suppose 10*f + 35850 = 15*f. Suppose 4*u = 19*u - f. Is u prime?
False
Let i(b) = 4*b**3 + 10*b**2 - 3*b + 4. Let p(m) = -9*m**3 - 21*m**2 + 5*m - 7. Let g(k) = 7*i(k) + 3*p(k). Let f = -7 - -1. Is g(f) a prime number?
True
Suppose -5*z + 392959 = 112424. Is z composite?
True
Suppose -z + 2*u + 150 = 0, 2*z = 4*z + 4*u - 324. Let j = 131 + z. Is j a prime number?
False
Is (-6)/((-84)/(-91651))*-2 a composite number?
False
Let t be (-1318)/8 - (-3)/(-12). Let c = 92 - t. Is c a prime number?
True
Suppose 9*k - 4*k - 2*n = 2382, -4*k - 4*n + 1928 = 0. Suppose k = 5*o + 183. Is o composite?
False
Let v = 183 - 292. Let l be 8/24 - 3530/6. Let i = v - l. Is i a prime number?
True
Let c be 9/(3*1/69). Suppose 4*d + 252 = -4*u, -5*u - d = d + 318. Let x = u + c. Is x a composite number?
True
Suppose -5979 = 117*c - 120*c. Is c composite?
False
Let p = -57 - -57. Is 8*83 + p + 2 + -4 composite?
True
Suppose -32501 - 185838 = -11*i. Is i a prime number?
False
Suppose -3*l - 837 = 615. Let g be 394/(3 + -5)*1. Let q = g - l. Is q a composite number?
True
Suppose -3*r - 57 = -687. Let v = r - -241. Is v a prime number?
False
Let k(v) = -v**3 - v**2 - v + 6. Let l be k(0). Let j = l - 2. Suppose -2*b = -106 + j. Is b a composite number?
True
Let c(p) = -62*p - 17. Let t(a) = -124*a - 34. Let o(g) = -5*c(g) + 3*t(g). Is o(-6) prime?
False
Suppose -18*p + 12916 = -4346. Is p prime?
False
Let s(w) = w**3 + 1. Let l(h) = 5*h**3 - h**2 - 3. Let v(m) = -l(m) + 6*s(m). Let r(z) = z**2 - 8*z - 13. Let y be r(10). Is v(y) a prime number?
True
Let x(m) = -174*m**3 - 2*m - 1. Is x(-3) a composite number?
False
Let b(l) = l**3 - 12*l**2 + 36*l - 337. Is b(16) composite?
True
Let b be 44/(-10)*(-15)/6. Is (-23814)/(-66) - (0 - 2/b) a composite number?
True
Let m(q) = -q**2 + 2*q + 653. Let t be m(0). Suppose 0 = 5*f - 637 - t. Let b = -147 + f. Is b a prime number?
False
Let n = -132 - -372. Suppose 945 + n = 5*a. Is a prime?
False
Let s(f) = 18*f + 30*f - 405 + 392. Is s(9) prime?
True
Let s(o) = 3*o + 4. Let y be s(4). Is (-1)/2 - (-20344)/y prime?
False
Let k = 277 + 138. Is k prime?
False
Suppose -2*c = -3*w - 15627, c = -4*w + 2424 + 5384. Suppose k - 3*k = 4*n - c, -5*n - 5*k + 9760 = 0. Is n a prime number?
False
Let c(b) = b**3 + 11*b**2 - 2*b - 3. Let l be c(-11). Let r = 24 - l. Suppose 0*v = r*t + 3*v - 557, v = 4. Is t a composite number?
False
Suppose -19*i + 41 = -35. Let n be 2 - 1 - (0 - 3). Suppose -c = -i*t - 71, 2*c - 90 = -t - n*t. Is c a prime number?
False
Suppose -4*r = 4*n - 10436, -5*n = -n - 2*r - 10454. Suppose 4*a - 5748 = 2*g, n = 4*a + 4*g - 3160. Is a a composite number?
False
Suppose -23*d + 487067 = 5*j - 27*d, 4*j - d = 389647. Is j a composite number?
True
Suppose 5460 = 10*c - 5*c. Let f = c + -595. Is f a composite number?
True
Let i(u) = 5*u**2 + 7*u - 5. Let x be i(6). Suppose 4*s + x = 1733. Is s composite?
False
Let p(c) = -c**3 + 3*c**2 - c + 6. Suppose o = -0*o + 24. Suppose 4*l - a = -o, -a - 1 + 15 = -2*l. Is p(l) a prime number?
True
Let a(j) = j**3 - 18. Let i be a(0). Suppose -3*b + 95758 = -5*b. Is b/(-117) + 4/i composite?
False
Suppose 3 = -3*t - 3*s, -4*t - 3*s = -6*s - 10. Is (14 + -13)*(t + 45) a prime number?
False
Is (26141/(-2))/((-9)/18) composite?
False
Let h(l) = -l + 16. Let s be h(6). Is -3*s/45 + (-3934)/(-6) a prime number?
False
Let a(j) = 14 + 0*j**3 - 10*j + 18*j**2 - j**3 + 3*j**3 - j**3. Let d(x) = -3*x**2 + 4*x. Let z be d(3). Is a(z) a prime number?
True
Let g(y) = 6*y + 9. Suppose 0 = 4*f - 4*x - 56, 2*f + 6*x = 3*x + 33. Suppose -f + 60 = 9*k. Is g(k) composite?
True
Suppose -78432 = -18*f + 25230. Is f a composite number?
True
Suppose 0 = -3*t - l + 8688, 15*t = 17*t + l - 5791. Is t a prime number?
True
Let t be ((-7)/((-49)/(-21)))/((-6)/8). Suppose 5696 = 3*q + x, -t*x + 10 = -2*x. Is q prime?
False
Let a = -1101 + 4894. Suppose -5*n + 1283 = 2*i, 0 = -5*i + 5*n + a - 533. Is i a prime number?
False
Let w = -81 - -81. Suppose w*o + 1064 = j + o, -4*o - 1079 = -j. Is j composite?
True
Suppose 12*c - 9*c + 188914 = 5*s, -5*s - 4*c = -188893. Is s a composite number?
False
Suppose -120*f = -174*f + 215406. Is f a composite number?
False
Let b(p) = 55*p + 34. Let i be b(16). Let t = i - 425. Is t a prime number?
False
Suppose -m - 3*g = -4*m - 1848, -3*m + 2*g - 1845 = 0. Let n = m + 1080. Is n a prime number?
True
Suppose -17509 = -f - 4*b, -f + 6*f - 4*b = 87617. Is f composite?
True
Let o(g) = -g**2 + 16*g + 18. Let l be o(17). Suppose 4*u = 3*a + 14, -5*u - l = -4*u. Is (2101 - 3)*(-3)/a composite?
False
Let k be -9*(4/(-2) - -3). Let l be ((-1)/(-3))/((-1)/k). Is l/6*-2 - -322 a composite number?
True
Let b(h) = 24*h**2 + 4*h - 1. Suppose 0 = 3*c + c - 4, 0 = -3*k - 5*c - 4. Is b(k) a composite number?
True
Let h(k) = -k - 9*k + 10 - 85*k**3 + 0*k**2 + 86*k**3 - 3*k**2. Let z be (-68)/(-12) - (-1)/3. Is h(z) a prime number?
False
Is 3/((-30)/(-93355)) + (-27)/(-18) composite?
False
Let q be ((-9)/(-2))/((-1)/4). Let o = 22 + q. Suppose -o*f + 2*s - 83 + 739 = 0, -s = 2. Is f a composite number?
False
Let l = -462 + 183. Let a be (221/2)/((-5)/(-20)). Let i = l + a. Is i composite?
False
Let a = 2609 + 2558. Is a composite?
False
Is (-18763)/(-3)*(-14 - -17) a prime number?
False
Let v be (2 + -3 - 2)/(9/24). Let a = v + 47. Is a composite?
True
Is (-4)/(-8)*(3 - 1)*11197 composite?
False
Suppose 4*z = -q + 38114, 0*z = -5*z - 5*q + 47650. Suppose p = -3*p - z. Let i = -827 - p. Is i a prime number?
False
Let c = 2945 + -1212. Is c a composite number?
False
Let x be 700/(-1) - -3*(-5)/15. Is 20/190 - x/19 composite?
False
Suppose -6*l + 274 = 58. Let u be 21 - (4 + -1 + -3). Let b = l - u. Is b prime?
False
Let l(b) = -80*b**3 - 9*b**2 - 17*b - 27. Is l(-7) prime?
True
Suppose -408273 = -5*k + 5402. Is k prime?
False
Suppose -3 = -z + 2. Let w = -3 + z. Suppose -w*k + 74 = 2*m, -5*m + 2*k + 59 = -126. Is m a prime number?
True
Let z(g) = 61*g**3 - 2*g**2 + 7*g - 16. Is z(2) prime?
False
Suppose -5*p - 25 = 0, -3*g + 11 = -2*p - 14. Suppose 3*m - g*m + 90 = 0. Suppose 5*f = 220 + m. Is f a prime number?
True
Suppose -437*g - 31176 = -3*d - 434*g, d = 4*g + 10395. Is d a prime number?
True
Suppose -22466 - 631723 = -69*n. Is n prime?
False
Suppose -79*x = -100*x + 826539. Is x composite?
False
Let n = 35 - 41. Is (446/n)/(3/9*-1) prime?
True
Let y(i) = -i**2 - 12*i - 9. Let h be y(-11). Let p(z) = 2*z**h - 6 + 3 + 6*z - 8. Is p(-8) a prime number?
False
Let i = 1995 - 1252. Is i a prime number?
True
Let h(i) = 4*i**2 + 2*i - 6. Let n be h(11). Suppose 5*g - n = 3*g - 3*v, 4*g = 5*v + 978. Is g composite?
True
Let p(w) = -9*w + 8. Let a(g) = -g**3 - 2*g**2 - 2*g + 1. Let t be a(-3). Suppose -t = -4*k, -x + 2 + 5 = 3*k. Is p(x) a composite number?
False
Let x(z) be the third derivative of 83*z**6/30 - z**5/60 - 4*z**2. Is x(1) a composite number?
False
Let b(u) = 879*u + 86. Is b(7) composite?
True
Suppose 41 = -p + 6. Is (-1 - p)*-2*138/(-24) composite?
T